{"id":1157,"date":"2023-11-03T20:51:33","date_gmt":"2023-11-03T20:51:33","guid":{"rendered":"https:\/\/poppinsstore.com\/?post_type=product&#038;p=1157"},"modified":"2023-11-03T20:58:52","modified_gmt":"2023-11-03T20:58:52","slug":"primer","status":"publish","type":"product","link":"https:\/\/poppinsstore.com\/?product=primer","title":{"rendered":"PRIMER"},"content":{"rendered":"\n<p><strong>D\u00f3nde usar<\/strong><\/p>\n\n\n\n<p>Se puede aplicar en la mayor\u00eda de superficies preparadas: enyesadas, de madera, alba\u00f1iler\u00eda, PVC.<\/p>\n\n\n\n<p><strong>Preparaci\u00f3n y Aplicaci\u00f3n<\/strong><\/p>\n\n\n\n<ul>\n<li>En superficies no pintadas o nuevas: Asegurarse que la superficie est\u00e1 limpia, seca y estable libre de suciedad, de grasa o cualquier otro material. Si se quiere aplicar en enyesados frescos, no se debe empezar hasta que el yeso est\u00e9 absolutamente seco.<\/li>\n\n\n\n<li>En superficies pintadas previamente: Autentico Primer debe aplicarse solamente en superficies secas, limpias y estables. Se adherir\u00e1 directamente en paredes pintadas previamente, en techos y suelos. Para pintar encima de superficies brillantes o pl\u00e1sticas, se debe lijar un poco para quitar lo brillante y para abrir un poco el poro y mejorar la adhesi\u00f3n. Es apto para exteriores. Para imprimar en superficies met\u00e1licas, utilizar un primer espec\u00edfico para prevenir el \u00f3xido. Mezclar bien antes de utilizar.<\/li>\n<\/ul>\n\n\n\n<p><strong>Cobertura<\/strong><\/p>\n\n\n\n<p>Una lata de 750ml cubre aproximadamente 6-7.5m2, dependiendo del tipo de superficie y de su porosidad. Aplicar una capa fina o las que se necesiten con pincel o con un rodillo fino.<\/p>\n\n\n\n<p><strong>Tiempo de secado<\/strong><\/p>\n\n\n\n<p>El tiempo de secado es de 4 horas entre capas, aunque depende de la temperatura y la porosidad de la superficie.<\/p>\n\n\n\n<p><strong>Limitaciones<\/strong><\/p>\n\n\n\n<p>No aplicar Autentico Primer por debajo de 5\u00baC. No previene la oxidaci\u00f3n cuando se aplica en superficies met\u00e1licas. Todos los productos Autentico deben aplicarse entre 10\u00baC y 30\u00baC.<\/p>\n\n\n\n<p><strong>Precauciones<\/strong><\/p>\n\n\n\n<p>Evita el contacto con los ojos, si esto ocurriese aclarar bien y de forma inmediata con agua templada y con los ojos abiertos durante al menos 10 minutos.<\/p>\n\n\n\n<p><strong>Conservaci\u00f3n<\/strong><\/p>\n\n\n\n<p>Almacenar en un lugar fresco y seco, sin riesgo de congelaci\u00f3n. Quitar el exceso y los restos de producto de las herramientas que se hayan utilizado antes de limpiar bien con agua tibia y jab\u00f3n neutro. No vaciar en desag\u00fces.<\/p>\n\n\n\n<p><strong>Informaci\u00f3n medioambiental<\/strong><\/p>\n\n\n\n<p>Este producto contiene 16g\/L VOC. El nivel marcado por la UE para este tipo de producto es de 30g\/L. Autentico\u00ae Pure and Natural Paint solo usa materias primas de excelente calidad, de baja percepci\u00f3n olfativa y con bajo impacto medioambiental. Nuestros procesos de fabricaci\u00f3n no generan residuos y todas las pinturas est\u00e1n dise\u00f1adas para garantizar un m\u00e1ximo rendimiento con el m\u00ednimo impacto en la salud de su usuario.<\/p>\n","protected":false},"excerpt":{"rendered":"<p>Autentico Primer es un imprimador de alta calidad que no contiene disolventes. Tiene varios usos como puede ser el de bloquear el sangrado de la madera as\u00ed como el de bloquear las manchas causadas por la reacci\u00f3n de taninos de algunas maderas de caoba, roble, pino, casta\u00f1o cuando entran en contacto con la humedad. Puedes utilizarlo para preparar superficies poco porosas antes de pintar, por ejemplo en superficies muy brillantes como baldosas, pl\u00e1stico o PVC.<br \/>\u00a0<br \/>Tambi\u00e9n es un producto apto para neutralizar superficies aplic\u00e1ndola como base en paredes y techos antes de pintar. El Primer es necesario siempre que pintemos con la l\u00ednea Versante Satinada.<\/p>\n","protected":false},"featured_media":1158,"comment_status":"open","ping_status":"closed","template":"","meta":{"om_disable_all_campaigns":false},"product_cat":[21,44,41,42,43],"product_tag":[54,111,61,112],"featured_image_urls":{"full":["https:\/\/poppinsstore.com\/wp-content\/uploads\/2023\/11\/primer.jpg",1044,1044,false],"thumbnail":["https:\/\/poppinsstore.com\/wp-content\/uploads\/2023\/11\/primer-150x150.jpg",150,150,true],"medium":["https:\/\/poppinsstore.com\/wp-content\/uploads\/2023\/11\/primer-300x300.jpg",300,300,true],"medium_large":["https:\/\/poppinsstore.com\/wp-content\/uploads\/2023\/11\/primer-768x768.jpg",768,768,true],"large":["https:\/\/poppinsstore.com\/wp-content\/uploads\/2023\/11\/primer-1024x1024.jpg",1024,1024,true],"1536x1536":["https:\/\/poppinsstore.com\/wp-content\/uploads\/2023\/11\/primer.jpg",1044,1044,false],"2048x2048":["https:\/\/poppinsstore.com\/wp-content\/uploads\/2023\/11\/primer.jpg",1044,1044,false],"woocommerce_thumbnail":["https:\/\/poppinsstore.com\/wp-content\/uploads\/2023\/11\/primer-300x300.jpg",300,300,true],"woocommerce_single":["https:\/\/poppinsstore.com\/wp-content\/uploads\/2023\/11\/primer-600x600.jpg",600,600,true],"woocommerce_gallery_thumbnail":["https:\/\/poppinsstore.com\/wp-content\/uploads\/2023\/11\/primer-100x100.jpg",100,100,true]},"post_excerpt_stackable":"<p>Autentico Primer es un imprimador de alta calidad que no contiene disolventes. Tiene varios usos como puede ser el de bloquear el sangrado de la madera as\u00ed como el de bloquear las manchas causadas por la reacci\u00f3n de taninos de algunas maderas de caoba, roble, pino, casta\u00f1o cuando entran en contacto con la humedad. Puedes utilizarlo para preparar superficies poco porosas antes de pintar, por ejemplo en superficies muy brillantes como baldosas, pl\u00e1stico o PVC.<br \/>\u00a0<br \/>Tambi\u00e9n es un producto apto para neutralizar superficies aplic\u00e1ndola como base en paredes y techos antes de pintar. El Primer es necesario siempre que pintemos con la l\u00ednea Versante Satinada.<\/p>\n","category_list":"","author_info":{"name":"","url":""},"comments_num":"0 comentarios","_links":{"self":[{"href":"https:\/\/poppinsstore.com\/index.php?rest_route=\/wp\/v2\/product\/1157"}],"collection":[{"href":"https:\/\/poppinsstore.com\/index.php?rest_route=\/wp\/v2\/product"}],"about":[{"href":"https:\/\/poppinsstore.com\/index.php?rest_route=\/wp\/v2\/types\/product"}],"replies":[{"embeddable":true,"href":"https:\/\/poppinsstore.com\/index.php?rest_route=%2Fwp%2Fv2%2Fcomments&post=1157"}],"wp:featuredmedia":[{"embeddable":true,"href":"https:\/\/poppinsstore.com\/index.php?rest_route=\/wp\/v2\/media\/1158"}],"wp:attachment":[{"href":"https:\/\/poppinsstore.com\/index.php?rest_route=%2Fwp%2Fv2%2Fmedia&parent=1157"}],"wp:term":[{"taxonomy":"product_cat","embeddable":true,"href":"https:\/\/poppinsstore.com\/index.php?rest_route=%2Fwp%2Fv2%2Fproduct_cat&post=1157"},{"taxonomy":"product_tag","embeddable":true,"href":"https:\/\/poppinsstore.com\/index.php?rest_route=%2Fwp%2Fv2%2Fproduct_tag&post=1157"}],"curies":[{"name":"wp","href":"https:\/\/api.w.org\/{rel}","templated":true}]}}